r of 1 and k.
1
Suppose 0 = -10*m + 9 + 21. Suppose -t + 30 = 2*j, 4*t + m*j = -2*j + 117. Suppose k = -2*k + 210. What is the highest common divisor of k and t?
14
Suppose 12*w - 20 = 16*w, -380 = -2*i - 2*w. Calculate the greatest common divisor of 975 and i.
195
Let d(u) = -5*u + 3. Let n be d(-6). Let t = -266 + 272. Let y be t/((-10)/(-175)*7*5). Calculate the greatest common factor of n and y.
3
Let p(r) = -9 + 4 + 6 + 2*r. Let t be p(1). Suppose 2*y = t + 11. Calculate the highest common divisor of 21 and y.
7
Let p(q) = -22*q**2 + 8*q - 11. Let u(h) = -11*h**2 + 3*h - 5. Let y(b) = 4*p(b) - 9*u(b). Let t be y(2). Calculate the highest common factor of 5 and t.
5
Let x(a) = a**2 - a - 8. Let n be x(0). Let m be 2/13 - n/(-104)*-427. Calculate the greatest common factor of m and 33.
33
Suppose -m - 3*m = -704. Let j be (-68)/((-2)/2) - 4. Suppose 34*u = 38*u - j. Calculate the greatest common factor of u and m.
16
Let p be (-8890)/(-40) - (-3)/4. Let a = -135 + p. Let g = -2222 - -2233. What is the highest common divisor of a and g?
11
Let c(r) = 2*r**2 - 73*r - 751. Let g be c(-9). What is the highest common divisor of g and 68?
68
Let r = -68 + 134. Let s = r - 44. Let z = -247 + 489. What is the greatest common factor of s and z?
22
Let n = 15441 + -15416. What is the greatest common divisor of 135 and n?
5
Let q = -101 + 13. Let d = q + 96. Let z = -133 - -205. What is the greatest common factor of z and d?
8
Suppose 0 = 4*k - 28, -3*x + 2*k + 686 = -350. What is the highest common factor of 150 and x?
50
Let i(n) = -n**3 - 39*n**2 - 398*n - 30. Let q be i(-24). What is the highest common factor of 1274 and q?
98
Let a = -32408 - -48893. Calculate the highest common factor of 35 and a.
35
Let k(d) = 3*d - 6. Let i(c) = 2*c - 3. Let l(f) = -9*i(f) + 4*k(f). Let y be l(-3). Let x = -1329 + 1413. Calculate the highest common divisor of x and y.
21
Let l be ((-25)/225)/(3/(-9531)). Let p = l + -341. Calculate the highest common divisor of 96 and p.
12
Suppose -21*l + 4081 = 3073. Calculate the highest common divisor of 128 and l.
16
Let a(l) = -3*l - 34. Suppose 441 - 25 = -16*p. Let j be a(p). What is the greatest common divisor of j and 110?
22
Suppose d + d + 1020 = -v, 4*v = 0. Let l = -276 - d. What is the highest common divisor of l and 18?
18
Let k = 20 + 17. Let m = k - 23. Let l = m - -16. What is the greatest common divisor of l and 10?
10
Let u(i) be the first derivative of 5*i**2 + 13*i + 1/4*i**4 + 5 + 10/3*i**3. Let x be u(-9). What is the greatest common divisor of x and 32?
4
Let f = 335 + -185. Suppose -913*n - 356 = -4*j - 915*n, -5*j - 4*n = -442. Calculate the greatest common divisor of j and f.
30
Let k be 4/(-18) + (-65)/(-9). Let l(o) = -265 + 4492*o + 4457*o - o**2 - 8982*o. Let w be l(-17). What is the highest common divisor of k and w?
7
Let t(w) = -211*w**2 - 1380*w. Let p be t(-6). Calculate the highest common factor of 72 and p.
36
Suppose -5*x - 10386 = -n, -25*n = -29*n - 2*x + 41632. Calculate the greatest common divisor of n and 11.
11
Suppose -266477 - 23736 = -27*z - 52640. Calculate the highest common factor of z and 21.
21
Let u = -23 + 5. Let c(g) = -2 - g**2 - 8 - 19*g + 2 + 7 - 1. Let y be c(u). Calculate the greatest common divisor of 72 and y.
8
Suppose 40*a - 321 = 799. What is the greatest common divisor of a and 238?
14
Suppose 4*n + 3*y = 561, 9 = -2*y - 1. Let z(c) = -5*c + 25. Let l be z(4). Suppose -2*m + 112 = l*m. Calculate the greatest common divisor of m and n.
16
Let n(y) = -60*y**3 + 4*y**2 + 3*y. Let l be n(-1). Let w = 90 - l. What is the greatest common factor of w and 58?
29
Let r be 2/3*57/38. Calculate the highest common divisor of r and 77.
1
Let t = 1993 - 1177. Suppose 9*k - 6*k = t. Calculate the greatest common divisor of k and 34.
34
Let j = 166 + -161. Suppose j*u = 2098 + 2907. What is the greatest common factor of u and 91?
91
Let r be -17 + (8 - 60/5). Let j(l) = 3*l + 163. Let w be j(r). Calculate the highest common divisor of w and 140.
20
Let a = 30554 + -30522. Calculate the highest common divisor of 8088 and a.
8
Let n(j) = j**2 + 19*j + 89. Let f be n(-14). Suppose p + 60 = 212. Calculate the greatest common divisor of p and f.
19
Let v(s) = -4*s - s**2 + 14 - 3 - 5 - s. Let y be v(1). Suppose y = -r - 0*r + 130. Calculate the greatest common factor of r and 20.
10
Let u be (25 - 21) + 1 + -3. Suppose u*c - 114 = 274. Let m = c + -134. What is the highest common divisor of 90 and m?
30
Suppose f = -k + 498, 2*k + 996 = 2*f - 3*k. Let r = 537 - f. What is the greatest common divisor of r and 3?
3
Let y(n) = 2*n**3 - 38*n**2 - 128*n - 52. Let w be y(22). What is the highest common divisor of 14436 and w?
36
Let f(w) = -9*w**2 - 1. Let r be f(1). Let s be 6/(-45)*-3 - r/(-25). Suppose s = 5*d - 10, -d + 5 = j + d. What is the highest common divisor of 10 and j?
1
Let i(x) = 92*x**2 + 9*x + 48. Let t be i(-3). Calculate the greatest common factor of 13301 and t.
283
Suppose -x + 44 = 2*y, -5*x = -x + 2*y - 188. Let w be (-298)/(-8) - (174/24 + -7). Suppose -2*f - w = -109. What is the greatest common divisor of f and x?
12
Let v = 351 - 92. Let j = 278 - v. What is the greatest common divisor of j and 171?
19
Let v(t) = -13*t**3 + 16*t**3 - t + 62 - t - t**2 + 15*t**3 - 57. Let w be v(3). Calculate the greatest common divisor of 136 and w.
68
Let h = -121 - -209. Suppose -356 = -4*i + a - 3*a, i + a = 90. Suppose -i = -9*q + q. Calculate the greatest common divisor of h and q.
11
Suppose 3210 = j + 2*r, -r + 9708 = 4*j - 3181. What is the greatest common factor of 260 and j?
52
Let o(v) = 2*v**3 - 116*v**2 + 21*v - 593. Let q be o(59). Calculate the greatest common factor of q and 120.
24
Let d = 490 - 486. Suppose -2*p + 32 = -d*k, 6*k - 2*k + 72 = 4*p. What is the highest common factor of 70 and p?
10
Let k = 1410 + -1370. Let q = -74 + 119. What is the greatest common factor of k and q?
5
Let u(v) = 131*v - 2074. Let n be u(16). Let i(b) = 176*b. Let r be i(1). What is the highest common divisor of n and r?
22
Let h = 5051 - 4988. What is the highest common divisor of h and 348?
3
Let x(b) = 16*b - 140. Let m be x(8). Let v be 5/15 - 212/m. Calculate the highest common divisor of v and 117.
9
Suppose -2*y + 148 = 7*h - 11*h, 0 = -5*y + 5*h + 365. Let w = 23 - 11. What is the greatest common factor of w and y?
12
Let z = -80 + 98. Suppose 36 = 3*c - 2*o - 6, -2*c - o + 28 = 0. What is the highest common factor of z and c?
2
Let v(u) = -14*u. Let d be v(-1). Let j(p) = -31*p**2 - 788*p - 3. Let h be j(-25). Calculate the greatest common divisor of d and h.
14
Let i(w) = w**3 + w**2 + 4*w. Let t(q) = -q**3 + 5*q**2 - 5*q. Let r be t(3). Let k be i(r). Calculate the greatest common divisor of k and 168.
24
Suppose 30 = 3*h - 3*t, 0 = h + 3*h - 2*t - 36. Suppose 7*m - h = 76. Suppose 245 = m*d - 7*d. What is the greatest common divisor of 392 and d?
49
Let n be ((-6)/4)/(6/(-32)). Suppose -1163*w + 9149 = -1318. Calculate the highest common factor of n and w.
1
Let n(s) = -2*s**3 - 21*s**2 + 9*s - 17. Let b be n(-11). Suppose 4*h - 5*i = 35, 0 = -b*h + i + 2*i + 47. Calculate the highest common factor of h and 45.
5
Suppose 1241 + 1267 = 11*l. What is the highest common factor of 18 and l?
6
Let j = 3 - 1. Let m be (-216)/(-32) - (-3)/12. Suppose 4 - 116 = -m*c. Calculate the highest common factor of c and j.
2
Let k = -416 - -611. Let s = 282 - k. Calculate the greatest common factor of s and 58.
29
Let h = 9149 - 9067. What is the highest common factor of h and 4059?
41
Let w(s) = -32*s - 12. Let t be (-33)/(-9) + 4/12. Let c be w(t). Let g = -74 - c. Calculate the highest common divisor of 99 and g.
33
Let k(z) = z**3 + 3*z**2 + 8*z - 10. Let q be (-23 - -28)*(-1 + 2). Let g be k(q). What is the greatest common divisor of 10 and g?
10
Let k(a) = -2*a**2 + 3*a + 104. Let q be k(6). Calculate the highest common divisor of q and 2050.
50
Suppose 0 = -31*p + 30*p + 6. Suppose 0 = -4*d + 5*x + 52 + 78, 4*d - 112 = -4*x. Calculate the highest common divisor of d and p.
6
Suppose 5*o - 87 = -72. Suppose 4*n + o*a = 43, 12*n - 10*n - 11 = -5*a. Calculate the greatest common factor of 208 and n.
13
Let a = 35 + -33. Let k be 5 + -5 - ((-2)/a - 4). Suppose 6*z = 11*z - 